-10*m. Suppose 0 = 2*u - g + 6*g - m, 0 = -3*g + 6. What is the tens digit of u?
0
Let k = 123 - 98. What is the tens digit of k?
2
Let z = -2630 + 3950. What is the tens digit of z?
2
Let q = -43 + 188. Let g = 218 - q. What is the tens digit of g?
7
Suppose 3*i - 5*p = 588, i + 3*p = -3*i + 755. Let j = -88 + i. What is the tens digit of j?
0
Let y(t) = -2*t**2 + t - 47. Let k(p) = 2*p**2 - p + 46. Let m(v) = 3*k(v) + 2*y(v). What is the hundreds digit of m(6)?
1
Let c = -29 + 34. Suppose -85 = c*g - 0*g. Let p = 55 - g. What is the tens digit of p?
7
Let i be -1*(-3 + (3 - 3)). Suppose 0 = -4*a - 5*f + 80, -96 = -i*a - a - f. Suppose d + 4*d - a = 0. What is the units digit of d?
5
Let m = 216 + -392. Let f = m + 330. Suppose -4*v + f = 38. What is the units digit of v?
9
Suppose d = -3, -3*n + 6*n = -2*d + 21. Suppose -n*c + 459 = -6*c. What is the tens digit of c?
5
Suppose 0 = 4*n + 26 + 6. Let g be (-7)/((-14)/n) - -3. What is the units digit of g/(-3)*18/3?
2
Suppose 0 = -5*q + 2*q + 42. Let y = 74 + q. What is the units digit of y?
8
Let a = 307 + 505. What is the hundreds digit of a?
8
Let f = 7 + -1. Suppose f*n + 0*n = 336. What is the units digit of n?
6
Let d = 3391 + -1083. What is the hundreds digit of (-5)/((-90)/d) - (-6)/(-27)?
1
Let u(z) = -z**3 - 13*z**2 - 2*z + 1. Let y(v) = -v**3 - 8*v**2 + 3*v + 11. Let p be y(-8). What is the units digit of u(p)?
7
What is the tens digit of (7 + -560)*-1 - 2?
5
Let n be 788/12 + (-3)/(-9). Suppose 0 = -7*b - n + 570. What is the units digit of b?
2
Let u be -2*(4/8 - 2). Let b be (-2)/u + 33/9. Suppose 15 = 2*q + 3*q + b*w, 2*w + 10 = 0. What is the units digit of q?
6
Let x = -8 + 20. Let u(l) = l - 7. What is the units digit of u(x)?
5
Let t = 416 + 272. What is the hundreds digit of t?
6
Let q(h) = 8*h + 1. What is the units digit of q(4)?
3
Suppose -19*w = -38*w + 26695. What is the hundreds digit of w?
4
Suppose 4 = -8*g + 7*g. What is the tens digit of (-5 - (g - 0))*-209?
0
What is the thousands digit of (-31 - -479)*(14 - 2)?
5
Let q(r) = 11*r**2 - 12*r + 104. What is the hundreds digit of q(17)?
0
Suppose 0 = -2*m + 11*l - 6*l + 1022, -2528 = -5*m - l. What is the hundreds digit of m?
5
Let c = 347 + -223. Suppose c + 240 = 7*h. What is the tens digit of h?
5
Let s(h) = -2*h - 5. Let i(y) = -1. Suppose 15 = 3*m, -8 = -p - 2*m + 1. Let o(f) = p*s(f) + 5*i(f). What is the units digit of o(3)?
6
Let r(m) = m**2 - 1. Let p be r(4). Let n(d) = -4*d**2 - p*d + 3*d**2 + 27*d + 9. What is the tens digit of n(10)?
2
Let n(b) = -3*b + 8*b**2 + 8*b - 7 + b**3 + 4*b. What is the tens digit of n(-6)?
1
Let z be 2/(-4) - 1/(-2). Suppose z*k = -3*k - 12. What is the units digit of (-16)/(-24)*(-162)/k?
7
Let q be (-7 + -1)*(-2)/4. Suppose q*j - 31 = -3*f - 0, 0 = -f - 2*j + 9. What is the tens digit of f?
1
Let n(g) = -110*g + 482. What is the units digit of n(-10)?
2
Let n(v) = -14*v - 2. Suppose 0 = -3*z + 5 - 14. Let y be n(z). Let s = y - 13. What is the units digit of s?
7
Let p(a) be the third derivative of a**6/20 - a**5/20 - 5*a**4/24 + a**3/2 - 27*a**2. What is the units digit of p(3)?
3
Let x = -4 + 9. Suppose -4*g + 3 = c - 6*c, 0 = x*c + 3*g - 11. What is the tens digit of 805/20 - c/4?
4
Let g(a) = a**3 - 17*a**2 + a - 11. Let s be g(17). Let l(w) = 2*w**3 - 2*w**2 - 7*w + 8. What is the units digit of l(s)?
6
Let n(g) = -31*g - 2. Let u(f) = 185*f + 12. Let a(p) = 34*n(p) + 6*u(p). What is the tens digit of a(2)?
1
Suppose -c - 3*l = -80 - 15, 4*l = c - 130. Let w = c + -64. Let p = -13 + w. What is the units digit of p?
3
Let o(v) = -v**2 - 4*v + 12. Let r be o(-6). Let z = 17 + r. What is the tens digit of z?
1
Suppose 0 = 3*t + 5*a - 2*a + 813, -2*a = -3*t - 793. Let o = -90 - t. What is the hundreds digit of o?
1
Let l = -54 - -31. Let u = l - -50. Let x = -3 + u. What is the tens digit of x?
2
Let j = -691 - -638. Suppose -2*a = x - 6*x + 60, -2*a - 100 = 5*x. Let i = a - j. What is the units digit of i?
3
Let g(l) = -l + 1. Let d be g(-3). Suppose -109 - 159 = -d*j. What is the tens digit of j?
6
Let g(d) = -d**2 + 39*d + 64. What is the tens digit of g(36)?
7
Suppose -4*c - 30 = -306. Suppose -c*z = -72*z + 306. What is the units digit of z?
2
Let v be -1*5/(-25)*-5. What is the tens digit of (-37)/v + 1 + 2?
4
Let f = 519 + -283. What is the tens digit of f?
3
Let x(t) = -231*t**3 - t**2 - t. Let j = 92 + -93. What is the hundreds digit of x(j)?
2
Suppose 3*q = 6*q - 2286. What is the tens digit of q/4*(-8)/(-12)?
2
Let y(i) = -i**3 - 9*i**2 + 8*i + 25. Let u be y(-10). Suppose -3*c + 3*z = -u, 4*c - 5*z - 8 = 51. What is the tens digit of c?
1
Suppose -275 = -13*a + 8*a. Suppose 52*u - a*u = -249. What is the units digit of u?
3
Suppose -3*u + 17 = 20. What is the tens digit of 1925/100*(4 + 1 + u)?
7
Let d = 979 - 685. What is the units digit of d?
4
Let a = 63 - 60. Suppose -u = -w + 3 + a, 4*w - 3*u - 22 = 0. What is the units digit of w?
4
Let x be 84/(-9) + 3/9. Let j(s) = -8*s - 11. What is the units digit of j(x)?
1
Let k = 63 + -61. Suppose -2*v - 394 = -k*g - 2*g, -4*g = -5*v - 403. What is the tens digit of g?
9
Let m = -27 - -34. Suppose 0 = -3*i + 46 - m. What is the units digit of i?
3
Suppose -l + 33 = -4*i, -3*i - 17 + 2 = 0. Suppose l - 11 = w. What is the units digit of (-3 + -1 + 58)/w?
7
Suppose 1682 = 2*m - 2*k, -33*m + 29*m + 3371 = 3*k. What is the tens digit of m?
4
Suppose 14*l = 19*l + 1390. Let t = -139 - l. What is the units digit of t?
9
Let w be (4/(-6))/(6/(-27)). Let y = 6 + -1. Suppose 1 = -4*l - w, -3*i + 26 = -y*l. What is the units digit of i?
7
Suppose 3*t - 3 = 0, -4*t + t = -3*l + 222. What is the tens digit of (9/(-3) - -2)/((-3)/l)?
2
Suppose 0 = 3*s + a - 865, 5*s - 2*s - 850 = -4*a. Suppose -v = -u + 4*u - s, -355 = -4*u + 5*v. What is the tens digit of u?
9
Let i(x) be the second derivative of -x**4/12 + 7*x**3/3 - 4*x**2 - 12*x. Let h(t) = t**3 + 7*t**2 + 4*t - 2. Let b be h(-6). What is the tens digit of i(b)?
3
Let z(t) = t + 9. Let y be z(-9). Suppose y*j - 4*j + 38 = -d, 16 = j + 3*d. What is the units digit of j?
0
Let n(f) = 116*f**3 + f**2 - 2. Let s be -4*1*((-1)/4)/1. What is the units digit of n(s)?
5
Let n(c) = -18*c + 115. Let t be n(12). Let s be (148/6)/((-2)/12). Let q = t - s. What is the units digit of q?
7
Suppose 0 = 7*g - 2182 - 2018. What is the hundreds digit of g?
6
Suppose 0 = l + 13 - 17. Suppose 5*t - 585 = 2*j + 3*j, -12 = l*j. What is the hundreds digit of t?
1
Let p(s) = s**3 - s**2 - 1. Let m(j) = 4*j**3 + 7*j**2 - 12*j - 15. Let d(i) = m(i) - 5*p(i). What is the hundreds digit of d(9)?
1
Let p be (-5)/(24/(-6) + (-8241)/(-2061)). What is the hundreds digit of ((-1)/3)/((-5)/p)?
2
Let f = 353 - 216. Let n = -63 + f. Suppose -4*q = n - 186. What is the units digit of q?
8
Let h(v) = 47*v**2 - 9*v - 14. What is the tens digit of h(-2)?
9
What is the thousands digit of -11 + 8 - (-6145 + 0 + -5)?
6
Suppose -6*m + 2*m - 45 = -5*q, 5 = -3*q - 4*m. Suppose -3*y = 2*z - z - 223, -5*y = q*z - 375. What is the tens digit of y?
7
Let g = 389 + 95. Suppose 0 = -4*c - 4*w + g, -4*c = -7*w + 8*w - 481. What is the tens digit of c?
2
Let g(n) = 33*n + 8. Suppose -3*j - 8 = 5*c, 4*j + c + 0*c - 12 = 0. What is the tens digit of g(j)?
4
Suppose -4*d = 4*c - 2560, -2*d = 3*c + c - 1288. Let s = d + -448. What is the hundreds digit of s?
1
What is the tens digit of (-15)/9 + 15980/30?
3
Let r(k) = -1. Let l(c) = 4*c**2 - 7*c + 7. Let o(b) = l(b) + 6*r(b). Let x be o(5). Suppose 0 = 4*n + 2*n - x. What is the units digit of n?
1
Suppose 0*r - 2510 = -4*r - 2*a, 0 = 2*r - 2*a - 1246. What is the units digit of r?
6
Let q(g) = -7*g + 4. Let d be q(5). Let s = 21 + d. Let o(c) = -c + 21. What is the units digit of o(s)?
1
Let o be 1/((-4)/12) - -168. Suppose 0 = -8*y + 163 + o. What is the tens digit of y?
4
Let m(b) = b**3 + 30*b**2 + 18*b + 152. What is the thousands digit of m(-27)?
1
Suppose 5*a - 9*a + 4*m = -4916, m = 2*a - 2456. What is the thousands digit of a?
1
Let m = -27 + 27. Let z = 64 - m. What is the units digit of z?
4
Suppose -4*w - 2*s = s - 24, -8 = -2*s. Suppose -q - 3*f + 38 + 6 = 0, -q + 44 = -w*f. Suppose 0 = 5*r - 20, j = 3*j - 4*r - q. What is the tens digit of j?
3
Let c(a) = 4*a**2 - 3